{"id":149,"date":"2012-05-19T12:34:54","date_gmt":"2012-05-19T12:34:54","guid":{"rendered":"http:\/\/thegapmusic.de\/?page_id=149"},"modified":"2014-10-24T14:17:49","modified_gmt":"2014-10-24T14:17:49","slug":"impressum","status":"publish","type":"page","link":"http:\/\/thegapmusic.de\/?page_id=149","title":{"rendered":"Impressum"},"content":{"rendered":"<p>Kontaktaufnahme The GAP<\/p>\n<p><a title=\"mailto:hillebrand.ursula@web.de\" href=\"mailto:hillebrand.ursula@web.de\">hillebrand.ursula@web.de<\/a><\/p>\n<p>&nbsp;<\/p>\n<p>&nbsp;<\/p>\n<p>&nbsp;<\/p>\n<p>Inhaber\u00a0\u00a0\u00a0\u00a0\u00a0\u00a0\u00a0\u00a0\u00a0\u00a0\u00a0\u00a0\u00a0\u00a0\u00a0\u00a0\u00a0\u00a0\u00a0\u00a0\u00a0\u00a0\u00a0\u00a0\u00a0\u00a0\u00a0\u00a0\u00a0\u00a0\u00a0\u00a0\u00a0\u00a0\u00a0\u00a0\u00a0\u00a0\u00a0\u00a0\u00a0\u00a0\u00a0 Mail<\/p>\n<p>Walter Isphording\u00a0\u00a0\u00a0\u00a0\u00a0\u00a0\u00a0\u00a0\u00a0\u00a0\u00a0\u00a0\u00a0\u00a0\u00a0\u00a0\u00a0\u00a0\u00a0\u00a0\u00a0\u00a0\u00a0\u00a0\u00a0<a title=\"mailto:info@isphording-design.de\" href=\"mailto:info@isphording-design.de\">walter.isphording@t-online.de<\/a><\/p>\n<p>Oberer Kehlberg 4 \u00a0 \u00a0 \u00a0 \u00a0 \u00a0 \u00a0 \u00a0 \u00a0 \u00a0 \u00a0 \u00a0 \u00a0Tel \u00a0\u00a002722 2931<\/p>\n<p>&nbsp;<\/p>\n<p>57439 Attendorn<\/p>\n<p>Die Inhalte dieser Seite wurden mit gr\u00f6\u00dfter Sorgfalt erstellt.<\/p>\n<p>F\u00fcr die Richtigkeit, Vollst\u00e4ndigkeit und Aktualit\u00e4t der Inhalte<\/p>\n<p>k\u00f6nnen wir jedoch keine Gew\u00e4hr \u00fcbernehmen.<\/p>\n<p>&nbsp;<\/p>\n<p>Urheber- und Kennzeichenrecht<\/p>\n<p>Wir sind bestrebt, in allen Publikationen die Urheberrechte der verwendeten Bilder, Grafiken, Tondokumente, Videosequenzen und Texte zu beachten, von uns selbst erstellte Bilder, Grafiken, Tondokumente, Videosequenzen und Texte zu nutzen oder auf lizenzfreie Grafiken, Tondokumente, Videosequenzen und Texte zur\u00fcckzugreifen.<\/p>\n<p>Alle innerhalb des Internetangebotes genannten und ggf. durch Dritte gesch\u00fctzten Marken- und Warenzeichen unterliegen uneingeschr\u00e4nkt den Bestimmungen des jeweils g\u00fcltigen Kennzeichenrechts und den Besitzrechten der jeweiligen eingetragenen Eigent\u00fcmer. Allein aufgrund der blo\u00dfen Nennung ist nicht der Schluss zu ziehen, dass Markenzeichen nicht durch Rechte Dritter gesch\u00fctzt sind!<\/p>\n<p>Das Copyright f\u00fcr ver\u00f6ffentlichte, von uns selbst erstellte Objekte bleibt allein bei uns. Eine Vervielf\u00e4ltigung oder Verwendung solcher Grafiken, Tondokumente, Videosequenzen und Texte in anderen elektronischen oder gedruckten Publikationen als Zweck, Geld damit zu verdienen ist ohne ausdr\u00fcckliche Zustimmung unsererseits nicht gestattet.<\/p>\n","protected":false},"excerpt":{"rendered":"<p>Kontaktaufnahme The GAP<\/p>\n<p><a title=\"mailto:hillebrand.ursula@web.de\" href=\"mailto:hillebrand.ursula@web.de\">hillebrand.ursula@web.de<\/a><\/p>\n<p>&nbsp;<\/p>\n<p>&nbsp;<\/p>\n<p>&nbsp;<\/p>\n<p>Inhaber\u00a0\u00a0\u00a0\u00a0\u00a0\u00a0\u00a0\u00a0\u00a0\u00a0\u00a0\u00a0\u00a0\u00a0\u00a0\u00a0\u00a0\u00a0\u00a0\u00a0\u00a0\u00a0\u00a0\u00a0\u00a0\u00a0\u00a0\u00a0\u00a0\u00a0\u00a0\u00a0\u00a0\u00a0\u00a0\u00a0\u00a0\u00a0\u00a0\u00a0\u00a0\u00a0\u00a0 Mail<\/p>\n<p>Walter Isphording\u00a0\u00a0\u00a0\u00a0\u00a0\u00a0\u00a0\u00a0\u00a0\u00a0\u00a0\u00a0\u00a0\u00a0\u00a0\u00a0\u00a0\u00a0\u00a0\u00a0\u00a0\u00a0\u00a0\u00a0\u00a0<a title=\"mailto:info@isphording-design.de\" href=\"mailto:info@isphording-design.de\">walter.isphording@t-online.de<\/a><\/p>\n<p>Oberer Kehlberg 4 \u00a0 \u00a0 \u00a0 \u00a0 \u00a0 \u00a0 \u00a0 \u00a0 \u00a0 \u00a0 \u00a0 \u00a0Tel \u00a0\u00a002722 2931<\/p>\n<p>&nbsp;<\/p>\n<p>57439 Attendorn<\/p>\n<p>Die Inhalte dieser Seite wurden mit gr\u00f6\u00dfter Sorgfalt erstellt.<\/p>\n<p>F\u00fcr die Richtigkeit, Vollst\u00e4ndigkeit und Aktualit\u00e4t der Inhalte<\/p>\n<p>k\u00f6nnen wir &hellip;<\/p>\n","protected":false},"author":2,"featured_media":0,"parent":0,"menu_order":0,"comment_status":"closed","ping_status":"closed","template":"","meta":[],"_links":{"self":[{"href":"http:\/\/thegapmusic.de\/index.php?rest_route=\/wp\/v2\/pages\/149"}],"collection":[{"href":"http:\/\/thegapmusic.de\/index.php?rest_route=\/wp\/v2\/pages"}],"about":[{"href":"http:\/\/thegapmusic.de\/index.php?rest_route=\/wp\/v2\/types\/page"}],"author":[{"embeddable":true,"href":"http:\/\/thegapmusic.de\/index.php?rest_route=\/wp\/v2\/users\/2"}],"replies":[{"embeddable":true,"href":"http:\/\/thegapmusic.de\/index.php?rest_route=%2Fwp%2Fv2%2Fcomments&post=149"}],"version-history":[{"count":10,"href":"http:\/\/thegapmusic.de\/index.php?rest_route=\/wp\/v2\/pages\/149\/revisions"}],"predecessor-version":[{"id":2325,"href":"http:\/\/thegapmusic.de\/index.php?rest_route=\/wp\/v2\/pages\/149\/revisions\/2325"}],"wp:attachment":[{"href":"http:\/\/thegapmusic.de\/index.php?rest_route=%2Fwp%2Fv2%2Fmedia&parent=149"}],"curies":[{"name":"wp","href":"https:\/\/api.w.org\/{rel}","templated":true}]}}